
Is 303 a factor of 596292183?
True
Is 111607574 a multiple of 26?
True
Is 5373916 a multiple of 12?
False
Does 600 divide 37397596?
False
Does 593 divide 2720159265?
False
Does 9 divide 4499997741?
True
Is 15 a factor of 7585515?
True
Is 118 a factor of 119193216?
True
Is 2099213532 a multiple of 26?
True
Does 1010 divide 97080313?
False
Does 16 divide 387088?
True
Is 17 a factor of 1354824524?
False
Does 192 divide 571314460?
False
Does 77 divide 1355066251?
True
Is 1905 a factor of 6490382?
False
Is 31638140 a multiple of 10?
True
Is 399 a factor of 13961010?
True
Does 30 divide 291444990?
True
Does 186 divide 76103054?
False
Does 128 divide 70957910?
False
Does 34 divide 483530490?
True
Is 2665871910 a multiple of 585?
True
Is 49 a factor of 1234125662?
True
Is 45487165 a multiple of 38?
False
Is 5137525760 a multiple of 9701?
False
Is 645 a factor of 385727985?
False
Is 34836018 a multiple of 2133?
False
Does 42 divide 17795400?
True
Does 56 divide 146029856?
True
Is 1059 a factor of 2292467073?
True
Is 13869582 a multiple of 10?
False
Does 200 divide 398789555?
False
Does 88 divide 168307040?
True
Is 25836804 a multiple of 36?
True
Is 2416905 a multiple of 39?
False
Does 7 divide 552876146?
False
Does 124 divide 331447682?
False
Does 10 divide 397145337?
False
Is 283873304 a multiple of 2843?
False
Does 2 divide 53225984?
True
Is 10 a factor of 67044016?
False
Is 122305674 a multiple of 43?
True
Is 691 a factor of 376479852?
False
Is 81303972 a multiple of 21?
False
Is 140443501 a multiple of 9?
False
Is 15 a factor of 25602926?
False
Is 2585768962 a multiple of 554?
True
Is 16 a factor of 10501966?
False
Is 132292365 a multiple of 150?
False
Does 716 divide 142791759?
False
Does 924 divide 178300981?
False
Is 53886874 a multiple of 37?
True
Is 148364454 a multiple of 14?
True
Does 22 divide 828579158?
True
Is 8 a factor of 38860702?
False
Is 2497723 a multiple of 98?
False
Does 24 divide 142386840?
True
Is 3069 a factor of 4554684486?
True
Is 497957874 a multiple of 246?
True
Is 56523214 a multiple of 121?
True
Is 430273932 a multiple of 327?
False
Does 68 divide 59240308?
True
Does 2539 divide 84795918?
False
Is 290689728 a multiple of 168?
True
Is 5390 a factor of 184153406?
False
Does 155 divide 49092261?
False
Does 3 divide 7637218?
False
Is 96 a factor of 28506197?
False
Is 13 a factor of 10300245?
False
Is 33762561 a multiple of 21?
True
Is 620885370 a multiple of 137?
True
Is 256458006 a multiple of 89?
False
Is 136 a factor of 462273237?
False
Is 168696600 a multiple of 11?
False
Is 66 a factor of 87033959?
False
Is 5039 a factor of 2293868697?
True
Is 868940298 a multiple of 564?
False
Is 2180724941 a multiple of 47?
True
Is 16403232 a multiple of 34?
True
Is 101 a factor of 14324290?
False
Does 43 divide 1043643540?
True
Does 42 divide 10142647?
False
Does 772 divide 209382501?
False
Does 87 divide 1695531342?
True
Does 61 divide 76211287?
False
Is 137 a factor of 12507147?
False
Is 1062 a factor of 18721328?
False
Is 147 a factor of 926163651?
True
Is 33 a factor of 155812255?
False
Is 21 a factor of 917860832?
False
Does 2357 divide 359111720?
False
Is 1436149110 a multiple of 330?
True
Is 42 a factor of 815801444?
False
Is 696918 a multiple of 23?
False
Is 39835612 a multiple of 151?
True
Is 531669120 a multiple of 10?
True
Is 38 a factor of 265668659?
False
Is 2724990779 a multiple of 398?
False
Is 1392743139 a multiple of 15?
False
Does 17 divide 4587822742?
True
Is 3495827404 a multiple of 1016?
False
Does 10 divide 39553339?
False
Is 180 a factor of 99644914?
False
Is 130618188 a multiple of 4788?
False
Is 2013 a factor of 62498147?
False
Is 71 a factor of 47801105?
True
Does 10 divide 37330702?
False
Does 1323 divide 9446449?
False
Is 486264303 a multiple of 8121?
False
Does 183 divide 985455?
True
Is 12383268 a multiple of 332?
True
Is 45 a factor of 78350265?
True
Is 67369715 a multiple of 335?
False
Does 259 divide 103671743?
True
Is 11852200 a multiple of 276?
False
Is 51 a factor of 594243063?
False
Does 16 divide 138605200?
True
Is 192 a factor of 1156934?
False
Does 18 divide 110356829?
False
Is 488016456 a multiple of 1868?
False
Is 48 a factor of 2927451936?
True
Does 11 divide 128125412?
False
Is 591 a factor of 345848472?
True
Does 20 divide 28051899?
False
Is 5 a factor of 6979931?
False
Is 20053106 a multiple of 7?
False
Is 1787 a factor of 1267511951?
False
Does 6 divide 19399980?
True
Does 85 divide 117669200?
False
Does 90 divide 466460910?
True
Does 7 divide 800639?
True
Is 319 a factor of 2282477857?
True
Does 23 divide 36189060?
False
Does 232 divide 1960279613?
False
Does 599 divide 434239060?
True
Is 144 a factor of 919352016?
True
Is 619738235 a multiple of 565?
False
Is 2395 a factor of 630187231?
False
Is 24291367 a multiple of 4?
False
Does 11 divide 419172259?
True
Is 9 a factor of 33999961?
False
Is 227 a factor of 3748197981?
False
Does 1065 divide 1695040792?
False
Is 409 a factor of 132348719?
True
Is 11 a factor of 167975363?
False
Is 2420216486 a multiple of 48?
False
Does 31 divide 15266157?
False
Is 20192284 a multiple of 217?
True
Is 28413739 a multiple of 26?
False
Is 1469 a factor of 430638819?
True
Does 110 divide 2725299390?
True
Is 3946830448 a multiple of 105?
False
Is 503743295 a multiple of 209?
True
Is 107128248 a multiple of 12?
True
Is 1050039229 a multiple of 113?
False
Is 3 a factor of 357901231?
False
Is 20 a factor of 754024800?
True
Does 451 divide 8637552?
True
Is 3732 a factor of 341578764?
True
Does 1322 divide 20939780?
False
Does 256 divide 132506112?
True
Is 4058512442 a multiple of 1025?
False
Is 337 a factor of 123858621?
True
Does 123 divide 16950753?
True
Does 5769 divide 637936020?
True
Is 1872 a factor of 66723330?
False
Does 4155 divide 82971195?
True
Is 9473734 a multiple of 270?
False
Does 2 divide 18655880?
True
Is 1384 a factor of 429423368?
True
Does 812 divide 7643315?
False
Is 360 a factor of 34019340?
False
Is 91 a factor of 1807810636?
False
Is 587154512 a multiple of 8?
True
Is 5949677 a multiple of 89?
False
Does 571 divide 8822521?
True
Is 1862664989 a multiple of 37?
True
Does 148 divide 5512515?
False
Does 9 divide 554733?
True
Is 410344 a multiple of 22?
True
Is 429 a factor of 1567566?
True
Is 882000 a multiple of 25?
True
Is 550471 a multiple of 4?
False
Does 186 divide 11807348?
False
Is 337 a factor of 11380026?
False
Does 93 divide 1432030089?
True
Is 3974 a factor of 3839709522?
False
Is 1167 a factor of 790477953?
True
Is 1695 a factor of 64228635?
True
Does 6 divide 114699048?
True
Is 3605325 a multiple of 795?
True
Is 53060968 a multiple of 8?
True
Is 2092 a factor of 379209320?
False
Is 271410613 a multiple of 858?
False
Is 5939070 a multiple of 22?
False
Does 10 divide 6638212?
False
Does 15 divide 52070369?
False
Is 8431 a factor of 774899817?
False
Does 541 divide 76554549?
False
Does 3330 divide 41218740?
True
Is 41 a factor of 266809399?
False
Is 39 a factor of 96238584?
True
Does 1579 divide 3618568102?
False
Is 218203222 a multiple of 33?
False
Is 9893 a factor of 1648166815?
False
Is 792 a factor of 2231859809?
False
Does 77 divide 31883737?
False
Is 65 a factor of 11096215?
True
Is 993380 a multiple of 2?
True
Does 135 divide 4948903?
False
Is 3449518403 a multiple of 57?
False
Is 129853311 a multiple of 221?
False
Does 1405 divide 40232175?
True
Does 1410 divide 54997050?
True
Does 213 divide 7171657?
False
Does 10 divide 850031336?
False
Is 44 a factor of 10426771?
False
Is 776 a factor of 68568136?
True
Is 199 a factor of 9731896?
True
Is 19107358 a multiple of 14?
False
Is 9 a factor of 17884359?
True
Is 96904905 a multiple of 30?
False
Does 24 divide 407768053?
False
Is 525 a factor of 106304904?
False
Does 1556 divide 336071104?
True
Does 1705 divide 70813765?
True
Is 27728704 a multiple of 291?
False
Is 51766032 a multiple of 744?
True
Is 1107599787 a multiple of 13703?
True
Is 3802318 a multiple of 1118?
True
Is 619185479 a multiple of 4782?
False
Does 14 divide 9047962?
True
Does 602 divide 416171630?
True
Does 1417 divide 1102351655?
False
Is 248770548 a multiple of 52?
True
Is 52157490 a multiple of 2211?
True
Does 1835 divide 26891925?
True
Is 82372032 a multiple of 73?
True
Is 45 a factor of 1689428430?
T